{"id":892,"date":"2019-09-29T23:11:46","date_gmt":"2019-09-29T21:11:46","guid":{"rendered":"http:\/\/www.sebastianusschule.de\/wp_seb\/?page_id=892"},"modified":"2019-09-29T23:24:10","modified_gmt":"2019-09-29T21:24:10","slug":"spenden-und-sponsoren","status":"publish","type":"page","link":"https:\/\/www.sebastianusschule.de\/wpkgss\/spenden-und-sponsoren\/","title":{"rendered":"Spenden und Sponsoren"},"content":{"rendered":"\n<p>Unterst\u00fctzung durch Spenden<br><strong>Wir sagen DANKE !!!<\/strong><br><br>\nWir sind allen Menschen und Firmen in und um W\u00fcrselen sehr dankbar f\u00fcr \ndie tolle finanzielle Unterst\u00fctzung. Ohne Sponsoren w\u00fcrde so manches \nProjekt an der Schule nicht in die Tat umgesetzt werden k\u00f6nnen.<br>\nDa wir ein eingetragener, gemeinn\u00fctziger Verein sind,<br>\nsind jegliche Geld- bzw. Sachzuwendungen steuerlich absetzbar. <br><br><br><strong>Bankverbindung:<br>\nVolksbank W\u00fcrselen<br>\nIBAN&nbsp; DE31 39162980 0107 210 016<br>\nBIC&nbsp; GENODED 1WUR<br>\n<br>\nGl\u00e4ubiger ID&nbsp; DE50FOV00001144833<\/strong><br><br><br>\nBei einer Einzahlung \u00fcber 50,-\u20ac geben Sie bitte im Feld \u201eVerwendungszweck\u201c <br>\nihren Namen und ihre Anschrift an. <br>\nDiese Daten werden f\u00fcr die Erstellung der Spendenbescheinigung ben\u00f6tigt. <br>\nGern schicken wir Ihnen diese bei entsprechendem Zahlungseingang zu. <br><br><br>\nIm Namen der Kinder der <strong>Katholischen Grundschule Sebastianusschule<\/strong><br>\nbedanken wir uns im Voraus f\u00fcr Ihre tolle Hilfe!<\/p>\n","protected":false},"excerpt":{"rendered":"<p>Unterst\u00fctzung durch SpendenWir sagen DANKE !!! Wir sind allen Menschen und Firmen in und um W\u00fcrselen sehr dankbar f\u00fcr die tolle finanzielle Unterst\u00fctzung. Ohne Sponsoren w\u00fcrde so manches Projekt an der Schule nicht in die Tat umgesetzt werden k\u00f6nnen. Da wir ein eingetragener, gemeinn\u00fctziger Verein sind, sind jegliche Geld- bzw. Sachzuwendungen steuerlich absetzbar. Bankverbindung: Volksbank [&hellip;]<\/p>\n","protected":false},"author":7,"featured_media":0,"parent":0,"menu_order":0,"comment_status":"closed","ping_status":"closed","template":"","meta":{"footnotes":""},"_links":{"self":[{"href":"https:\/\/www.sebastianusschule.de\/wpkgss\/wp-json\/wp\/v2\/pages\/892"}],"collection":[{"href":"https:\/\/www.sebastianusschule.de\/wpkgss\/wp-json\/wp\/v2\/pages"}],"about":[{"href":"https:\/\/www.sebastianusschule.de\/wpkgss\/wp-json\/wp\/v2\/types\/page"}],"author":[{"embeddable":true,"href":"https:\/\/www.sebastianusschule.de\/wpkgss\/wp-json\/wp\/v2\/users\/7"}],"replies":[{"embeddable":true,"href":"https:\/\/www.sebastianusschule.de\/wpkgss\/wp-json\/wp\/v2\/comments?post=892"}],"version-history":[{"count":2,"href":"https:\/\/www.sebastianusschule.de\/wpkgss\/wp-json\/wp\/v2\/pages\/892\/revisions"}],"predecessor-version":[{"id":907,"href":"https:\/\/www.sebastianusschule.de\/wpkgss\/wp-json\/wp\/v2\/pages\/892\/revisions\/907"}],"wp:attachment":[{"href":"https:\/\/www.sebastianusschule.de\/wpkgss\/wp-json\/wp\/v2\/media?parent=892"}],"curies":[{"name":"wp","href":"https:\/\/api.w.org\/{rel}","templated":true}]}}