{"id":2340,"date":"2022-02-25T14:15:07","date_gmt":"2022-02-25T13:15:07","guid":{"rendered":"http:\/\/www.sebastianusschule.de\/wp_seb\/?page_id=2340"},"modified":"2022-02-25T14:19:39","modified_gmt":"2022-02-25T13:19:39","slug":"sebastianusschule-alaaf","status":"publish","type":"page","link":"https:\/\/www.sebastianusschule.de\/wpkgss\/sebastianusschule-alaaf\/","title":{"rendered":"Sebastianusschule Alaaf"},"content":{"rendered":"\t\t<div data-elementor-type=\"wp-page\" data-elementor-id=\"2340\" class=\"elementor elementor-2340\">\n\t\t\t\t\t\t\t\t\t<section class=\"elementor-section elementor-top-section elementor-element elementor-element-5a9fe75 elementor-section-boxed elementor-section-height-default elementor-section-height-default\" data-id=\"5a9fe75\" data-element_type=\"section\">\n\t\t\t\t\t\t<div class=\"elementor-container elementor-column-gap-default\">\n\t\t\t\t\t<div class=\"elementor-column elementor-col-100 elementor-top-column elementor-element elementor-element-ff389dc\" data-id=\"ff389dc\" data-element_type=\"column\">\n\t\t\t<div class=\"elementor-widget-wrap elementor-element-populated\">\n\t\t\t\t\t\t\t\t<div class=\"elementor-element elementor-element-fd624dd elementor-widget elementor-widget-text-editor\" data-id=\"fd624dd\" data-element_type=\"widget\" data-widget_type=\"text-editor.default\">\n\t\t\t\t<div class=\"elementor-widget-container\">\n\t\t\t\t\t\t\t<p>\u201eIch danz f\u00f6r dich\u2026\u201c \u00a0so t\u00f6nte es am Fettdonnerstag schon um 8 Uhr morgens aus gro\u00dfen Lautsprecherboxen \u00fcber den Schulhof. In tollen, bunten Kost\u00fcmen standen die Kinder und Lehrer drau\u00dfen Spalier, um den Kinderprinzen NIKLAS I und seinen Hofstaat sowie das Stadtprinzenpaar MARCO I und NADINE I zu begr\u00fc\u00dfen, die auch gleich f\u00fcr tolle Stimmung auf dem Schulhof sorgten.<\/p>\t\t\t\t\t\t<\/div>\n\t\t\t\t<\/div>\n\t\t\t\t\t<\/div>\n\t\t<\/div>\n\t\t\t\t\t\t\t<\/div>\n\t\t<\/section>\n\t\t\t\t<section class=\"elementor-section elementor-top-section elementor-element elementor-element-226331c elementor-section-boxed elementor-section-height-default elementor-section-height-default\" data-id=\"226331c\" data-element_type=\"section\">\n\t\t\t\t\t\t<div class=\"elementor-container elementor-column-gap-default\">\n\t\t\t\t\t<div class=\"elementor-column elementor-col-50 elementor-top-column elementor-element elementor-element-fb212b7\" data-id=\"fb212b7\" data-element_type=\"column\">\n\t\t\t<div class=\"elementor-widget-wrap elementor-element-populated\">\n\t\t\t\t\t\t\t\t<div class=\"elementor-element elementor-element-47fd8d9 elementor-widget elementor-widget-image\" data-id=\"47fd8d9\" data-element_type=\"widget\" data-widget_type=\"image.default\">\n\t\t\t\t<div class=\"elementor-widget-container\">\n\t\t\t\t\t\t\t\t\t\t\t\t\t\t\t<img decoding=\"async\" loading=\"lazy\" width=\"300\" height=\"300\" src=\"https:\/\/www.sebastianusschule.de\/wpkgss\/wp-content\/uploads\/2022\/02\/image0-300x300.jpeg\" class=\"attachment-medium size-medium wp-image-2342\" alt=\"\" srcset=\"https:\/\/www.sebastianusschule.de\/wpkgss\/wp-content\/uploads\/2022\/02\/image0-300x300.jpeg 300w, https:\/\/www.sebastianusschule.de\/wpkgss\/wp-content\/uploads\/2022\/02\/image0-150x150.jpeg 150w, https:\/\/www.sebastianusschule.de\/wpkgss\/wp-content\/uploads\/2022\/02\/image0.jpeg 640w\" sizes=\"(max-width: 300px) 100vw, 300px\" \/>\t\t\t\t\t\t\t\t\t\t\t\t\t\t\t<\/div>\n\t\t\t\t<\/div>\n\t\t\t\t\t<\/div>\n\t\t<\/div>\n\t\t\t\t<div class=\"elementor-column elementor-col-50 elementor-top-column elementor-element elementor-element-fdffc07\" data-id=\"fdffc07\" data-element_type=\"column\">\n\t\t\t<div class=\"elementor-widget-wrap elementor-element-populated\">\n\t\t\t\t\t\t\t\t<div class=\"elementor-element elementor-element-8074a29 elementor-widget elementor-widget-image\" data-id=\"8074a29\" data-element_type=\"widget\" data-widget_type=\"image.default\">\n\t\t\t\t<div class=\"elementor-widget-container\">\n\t\t\t\t\t\t\t\t\t\t\t\t\t\t\t<img decoding=\"async\" loading=\"lazy\" width=\"300\" height=\"300\" src=\"https:\/\/www.sebastianusschule.de\/wpkgss\/wp-content\/uploads\/2022\/02\/image3-300x300.jpeg\" class=\"attachment-medium size-medium wp-image-2345\" alt=\"\" srcset=\"https:\/\/www.sebastianusschule.de\/wpkgss\/wp-content\/uploads\/2022\/02\/image3-300x300.jpeg 300w, https:\/\/www.sebastianusschule.de\/wpkgss\/wp-content\/uploads\/2022\/02\/image3-150x150.jpeg 150w, https:\/\/www.sebastianusschule.de\/wpkgss\/wp-content\/uploads\/2022\/02\/image3.jpeg 640w\" sizes=\"(max-width: 300px) 100vw, 300px\" \/>\t\t\t\t\t\t\t\t\t\t\t\t\t\t\t<\/div>\n\t\t\t\t<\/div>\n\t\t\t\t\t<\/div>\n\t\t<\/div>\n\t\t\t\t\t\t\t<\/div>\n\t\t<\/section>\n\t\t\t\t<section class=\"elementor-section elementor-top-section elementor-element elementor-element-6b82f09 elementor-section-boxed elementor-section-height-default elementor-section-height-default\" data-id=\"6b82f09\" data-element_type=\"section\">\n\t\t\t\t\t\t<div class=\"elementor-container elementor-column-gap-default\">\n\t\t\t\t\t<div class=\"elementor-column elementor-col-100 elementor-top-column elementor-element elementor-element-c2981ad\" data-id=\"c2981ad\" data-element_type=\"column\">\n\t\t\t<div class=\"elementor-widget-wrap elementor-element-populated\">\n\t\t\t\t\t\t\t\t<div class=\"elementor-element elementor-element-7d90bfd elementor-widget elementor-widget-text-editor\" data-id=\"7d90bfd\" data-element_type=\"widget\" data-widget_type=\"text-editor.default\">\n\t\t\t\t<div class=\"elementor-widget-container\">\n\t\t\t\t\t\t\t<p>Den Orden der Sebastianusschule durfte Nele aus der 1b an das Prinzenpaar \u00fcberreichen, ist sie doch die Tochter des Prinzenpaares. Auch der Kinderprinz erhielt einen solchen Sebastianus-Orden. Umgekehrt durften sich Frau Drews, Frau Bre\u00dfeler und Herr Keller \u00fcber den Prinzenorden freuen.<\/p>\t\t\t\t\t\t<\/div>\n\t\t\t\t<\/div>\n\t\t\t\t\t<\/div>\n\t\t<\/div>\n\t\t\t\t\t\t\t<\/div>\n\t\t<\/section>\n\t\t\t\t<section class=\"elementor-section elementor-top-section elementor-element elementor-element-4c94012 elementor-section-boxed elementor-section-height-default elementor-section-height-default\" data-id=\"4c94012\" data-element_type=\"section\">\n\t\t\t\t\t\t<div class=\"elementor-container elementor-column-gap-default\">\n\t\t\t\t\t<div class=\"elementor-column elementor-col-100 elementor-top-column elementor-element elementor-element-b88093c\" data-id=\"b88093c\" data-element_type=\"column\">\n\t\t\t<div class=\"elementor-widget-wrap elementor-element-populated\">\n\t\t\t\t\t\t\t\t<div class=\"elementor-element elementor-element-c7a7044 elementor-widget elementor-widget-image\" data-id=\"c7a7044\" data-element_type=\"widget\" data-widget_type=\"image.default\">\n\t\t\t\t<div class=\"elementor-widget-container\">\n\t\t\t\t\t\t\t\t\t\t\t\t<figure class=\"wp-caption\">\n\t\t\t\t\t\t\t\t\t\t<img decoding=\"async\" loading=\"lazy\" width=\"300\" height=\"300\" src=\"https:\/\/www.sebastianusschule.de\/wpkgss\/wp-content\/uploads\/2022\/02\/image1-300x300.jpeg\" class=\"attachment-medium size-medium wp-image-2343\" alt=\"\" srcset=\"https:\/\/www.sebastianusschule.de\/wpkgss\/wp-content\/uploads\/2022\/02\/image1-300x300.jpeg 300w, https:\/\/www.sebastianusschule.de\/wpkgss\/wp-content\/uploads\/2022\/02\/image1-150x150.jpeg 150w, https:\/\/www.sebastianusschule.de\/wpkgss\/wp-content\/uploads\/2022\/02\/image1.jpeg 640w\" sizes=\"(max-width: 300px) 100vw, 300px\" \/>\t\t\t\t\t\t\t\t\t\t\t<figcaption class=\"widget-image-caption wp-caption-text\">Orden der Sebastianusschule <\/figcaption>\n\t\t\t\t\t\t\t\t\t\t<\/figure>\n\t\t\t\t\t\t\t\t\t<\/div>\n\t\t\t\t<\/div>\n\t\t\t\t\t<\/div>\n\t\t<\/div>\n\t\t\t\t\t\t\t<\/div>\n\t\t<\/section>\n\t\t\t\t<section class=\"elementor-section elementor-top-section elementor-element elementor-element-f825800 elementor-section-boxed elementor-section-height-default elementor-section-height-default\" data-id=\"f825800\" data-element_type=\"section\">\n\t\t\t\t\t\t<div class=\"elementor-container elementor-column-gap-default\">\n\t\t\t\t\t<div class=\"elementor-column elementor-col-100 elementor-top-column elementor-element elementor-element-8eb0f35\" data-id=\"8eb0f35\" data-element_type=\"column\">\n\t\t\t<div class=\"elementor-widget-wrap elementor-element-populated\">\n\t\t\t\t\t\t\t\t<div class=\"elementor-element elementor-element-91a00df elementor-widget elementor-widget-text-editor\" data-id=\"91a00df\" data-element_type=\"widget\" data-widget_type=\"text-editor.default\">\n\t\t\t\t<div class=\"elementor-widget-container\">\n\t\t\t\t\t\t\t<p>Nach dem Auszug der Tollit\u00e4ten gingen die Klassen zur\u00fcck in ihre R\u00e4ume, um dort den Klassenkarneval auf unterschiedliche Weise zu feiern. Doch nicht lange: Schon in der gro\u00dfen Pause tummelten sich alle Kinder wieder fr\u00f6hlich und ausgelassen auf dem Pausenhof. Strahlende Gesichter wohin man schaute!<\/p><p>P\u00fcnktlich um 11 VOR 11 trafen sich bei tollem Wetter wieder alle drau\u00dfen, um beim karnevalistischen Schultreff zu tanzen, zu klatschen und Spa\u00df zu haben.<\/p><p>Frau Patri, als Sams verkleidet, f\u00fchrte wie jedes Jahr durch durch das \u00a0Programm, unterst\u00fctzt von stimmungsvollen Darbietungen der Klassen 1a (Echte Fr\u00f6nde), 2a (Halleluja), 3b (Der Pirat) und 3c (Guck mal, diese Biene da).<\/p><p>Herr Bayer legte als \u00a0DJ Bayer mitrei\u00dfende Karnevalslieder auf.<\/p><p>Nat\u00fcrlich gab es auch die obligatorischen Ordensverleihungen. So durften sich Herr Ougandou, Frau Sottek und Herr Bayer \u00fcber den diesj\u00e4hrigen Sebastianus-Hausorden freuen.<\/p>\t\t\t\t\t\t<\/div>\n\t\t\t\t<\/div>\n\t\t\t\t\t<\/div>\n\t\t<\/div>\n\t\t\t\t\t\t\t<\/div>\n\t\t<\/section>\n\t\t\t\t<section class=\"elementor-section elementor-top-section elementor-element elementor-element-e1c2e12 elementor-section-boxed elementor-section-height-default elementor-section-height-default\" data-id=\"e1c2e12\" data-element_type=\"section\">\n\t\t\t\t\t\t<div class=\"elementor-container elementor-column-gap-default\">\n\t\t\t\t\t<div class=\"elementor-column elementor-col-100 elementor-top-column elementor-element elementor-element-091f7ab\" data-id=\"091f7ab\" data-element_type=\"column\">\n\t\t\t<div class=\"elementor-widget-wrap elementor-element-populated\">\n\t\t\t\t\t\t\t\t<div class=\"elementor-element elementor-element-78a1fb9 elementor-widget elementor-widget-image\" data-id=\"78a1fb9\" data-element_type=\"widget\" data-widget_type=\"image.default\">\n\t\t\t\t<div class=\"elementor-widget-container\">\n\t\t\t\t\t\t\t\t\t\t\t\t<figure class=\"wp-caption\">\n\t\t\t\t\t\t\t\t\t\t<img decoding=\"async\" loading=\"lazy\" width=\"300\" height=\"300\" src=\"https:\/\/www.sebastianusschule.de\/wpkgss\/wp-content\/uploads\/2022\/02\/image2-300x300.jpeg\" class=\"attachment-medium size-medium wp-image-2344\" alt=\"\" srcset=\"https:\/\/www.sebastianusschule.de\/wpkgss\/wp-content\/uploads\/2022\/02\/image2-300x300.jpeg 300w, https:\/\/www.sebastianusschule.de\/wpkgss\/wp-content\/uploads\/2022\/02\/image2-150x150.jpeg 150w, https:\/\/www.sebastianusschule.de\/wpkgss\/wp-content\/uploads\/2022\/02\/image2.jpeg 640w\" sizes=\"(max-width: 300px) 100vw, 300px\" \/>\t\t\t\t\t\t\t\t\t\t\t<figcaption class=\"widget-image-caption wp-caption-text\">Karnevalsfeier mit  allen Klassen auf dem Schulhof<\/figcaption>\n\t\t\t\t\t\t\t\t\t\t<\/figure>\n\t\t\t\t\t\t\t\t\t<\/div>\n\t\t\t\t<\/div>\n\t\t\t\t\t<\/div>\n\t\t<\/div>\n\t\t\t\t\t\t\t<\/div>\n\t\t<\/section>\n\t\t\t\t\t\t\t<\/div>\n\t\t","protected":false},"excerpt":{"rendered":"<p>\u201eIch danz f\u00f6r dich\u2026\u201c \u00a0so t\u00f6nte es am Fettdonnerstag schon um 8 Uhr morgens aus gro\u00dfen Lautsprecherboxen \u00fcber den Schulhof. In tollen, bunten Kost\u00fcmen standen die Kinder und Lehrer drau\u00dfen Spalier, um den Kinderprinzen NIKLAS I und seinen Hofstaat sowie das Stadtprinzenpaar MARCO I und NADINE I zu begr\u00fc\u00dfen, die auch gleich f\u00fcr tolle Stimmung [&hellip;]<\/p>\n","protected":false},"author":6,"featured_media":0,"parent":0,"menu_order":0,"comment_status":"closed","ping_status":"closed","template":"","meta":{"footnotes":""},"_links":{"self":[{"href":"https:\/\/www.sebastianusschule.de\/wpkgss\/wp-json\/wp\/v2\/pages\/2340"}],"collection":[{"href":"https:\/\/www.sebastianusschule.de\/wpkgss\/wp-json\/wp\/v2\/pages"}],"about":[{"href":"https:\/\/www.sebastianusschule.de\/wpkgss\/wp-json\/wp\/v2\/types\/page"}],"author":[{"embeddable":true,"href":"https:\/\/www.sebastianusschule.de\/wpkgss\/wp-json\/wp\/v2\/users\/6"}],"replies":[{"embeddable":true,"href":"https:\/\/www.sebastianusschule.de\/wpkgss\/wp-json\/wp\/v2\/comments?post=2340"}],"version-history":[{"count":7,"href":"https:\/\/www.sebastianusschule.de\/wpkgss\/wp-json\/wp\/v2\/pages\/2340\/revisions"}],"predecessor-version":[{"id":2352,"href":"https:\/\/www.sebastianusschule.de\/wpkgss\/wp-json\/wp\/v2\/pages\/2340\/revisions\/2352"}],"wp:attachment":[{"href":"https:\/\/www.sebastianusschule.de\/wpkgss\/wp-json\/wp\/v2\/media?parent=2340"}],"curies":[{"name":"wp","href":"https:\/\/api.w.org\/{rel}","templated":true}]}}

<div data-elementor-type="wp-page" data-elementor-id="2340" class="elementor elementor-2340">
									<section class="elementor-section elementor-top-section elementor-element elementor-element-5a9fe75 elementor-section-boxed elementor-section-height-default elementor-section-height-default" data-id="5a9fe75" data-element_type="section">
						<div class="elementor-container elementor-column-gap-default">
					<div class="elementor-column elementor-col-100 elementor-top-column elementor-element elementor-element-ff389dc" data-id="ff389dc" data-element_type="column">
			<div class="elementor-widget-wrap elementor-element-populated">
								<div class="elementor-element elementor-element-fd624dd elementor-widget elementor-widget-text-editor" data-id="fd624dd" data-element_type="widget" data-widget_type="text-editor.default">
				<div class="elementor-widget-container">
							<p>„Ich danz för dich…“  so tönte es am Fettdonnerstag schon um 8 Uhr morgens aus großen Lautsprecherboxen über den Schulhof. In tollen, bunten Kostümen standen die Kinder und Lehrer draußen Spalier, um den Kinderprinzen NIKLAS I und seinen Hofstaat sowie das Stadtprinzenpaar MARCO I und NADINE I zu begrüßen, die auch gleich für tolle Stimmung auf dem Schulhof sorgten.</p>						</div>
				</div>
					</div>
		</div>
							</div>
		</section>
				<section class="elementor-section elementor-top-section elementor-element elementor-element-226331c elementor-section-boxed elementor-section-height-default elementor-section-height-default" data-id="226331c" data-element_type="section">
						<div class="elementor-container elementor-column-gap-default">
					<div class="elementor-column elementor-col-50 elementor-top-column elementor-element elementor-element-fb212b7" data-id="fb212b7" data-element_type="column">
			<div class="elementor-widget-wrap elementor-element-populated">
								<div class="elementor-element elementor-element-47fd8d9 elementor-widget elementor-widget-image" data-id="47fd8d9" data-element_type="widget" data-widget_type="image.default">
				<div class="elementor-widget-container">
															<img decoding="async" loading="lazy" width="300" height="300" src="https://www.sebastianusschule.de/wpkgss/wp-content/uploads/2022/02/image0-300x300.jpeg" class="attachment-medium size-medium wp-image-2342" alt="" srcset="https://www.sebastianusschule.de/wpkgss/wp-content/uploads/2022/02/image0-300x300.jpeg 300w, https://www.sebastianusschule.de/wpkgss/wp-content/uploads/2022/02/image0-150x150.jpeg 150w, https://www.sebastianusschule.de/wpkgss/wp-content/uploads/2022/02/image0.jpeg 640w" sizes="(max-width: 300px) 100vw, 300px" />															</div>
				</div>
					</div>
		</div>
				<div class="elementor-column elementor-col-50 elementor-top-column elementor-element elementor-element-fdffc07" data-id="fdffc07" data-element_type="column">
			<div class="elementor-widget-wrap elementor-element-populated">
								<div class="elementor-element elementor-element-8074a29 elementor-widget elementor-widget-image" data-id="8074a29" data-element_type="widget" data-widget_type="image.default">
				<div class="elementor-widget-container">
															<img decoding="async" loading="lazy" width="300" height="300" src="https://www.sebastianusschule.de/wpkgss/wp-content/uploads/2022/02/image3-300x300.jpeg" class="attachment-medium size-medium wp-image-2345" alt="" srcset="https://www.sebastianusschule.de/wpkgss/wp-content/uploads/2022/02/image3-300x300.jpeg 300w, https://www.sebastianusschule.de/wpkgss/wp-content/uploads/2022/02/image3-150x150.jpeg 150w, https://www.sebastianusschule.de/wpkgss/wp-content/uploads/2022/02/image3.jpeg 640w" sizes="(max-width: 300px) 100vw, 300px" />															</div>
				</div>
					</div>
		</div>
							</div>
		</section>
				<section class="elementor-section elementor-top-section elementor-element elementor-element-6b82f09 elementor-section-boxed elementor-section-height-default elementor-section-height-default" data-id="6b82f09" data-element_type="section">
						<div class="elementor-container elementor-column-gap-default">
					<div class="elementor-column elementor-col-100 elementor-top-column elementor-element elementor-element-c2981ad" data-id="c2981ad" data-element_type="column">
			<div class="elementor-widget-wrap elementor-element-populated">
								<div class="elementor-element elementor-element-7d90bfd elementor-widget elementor-widget-text-editor" data-id="7d90bfd" data-element_type="widget" data-widget_type="text-editor.default">
				<div class="elementor-widget-container">
							<p>Den Orden der Sebastianusschule durfte Nele aus der 1b an das Prinzenpaar überreichen, ist sie doch die Tochter des Prinzenpaares. Auch der Kinderprinz erhielt einen solchen Sebastianus-Orden. Umgekehrt durften sich Frau Drews, Frau Breßeler und Herr Keller über den Prinzenorden freuen.</p>						</div>
				</div>
					</div>
		</div>
							</div>
		</section>
				<section class="elementor-section elementor-top-section elementor-element elementor-element-4c94012 elementor-section-boxed elementor-section-height-default elementor-section-height-default" data-id="4c94012" data-element_type="section">
						<div class="elementor-container elementor-column-gap-default">
					<div class="elementor-column elementor-col-100 elementor-top-column elementor-element elementor-element-b88093c" data-id="b88093c" data-element_type="column">
			<div class="elementor-widget-wrap elementor-element-populated">
								<div class="elementor-element elementor-element-c7a7044 elementor-widget elementor-widget-image" data-id="c7a7044" data-element_type="widget" data-widget_type="image.default">
				<div class="elementor-widget-container">
												<figure class="wp-caption">
										<img decoding="async" loading="lazy" width="300" height="300" src="https://www.sebastianusschule.de/wpkgss/wp-content/uploads/2022/02/image1-300x300.jpeg" class="attachment-medium size-medium wp-image-2343" alt="" srcset="https://www.sebastianusschule.de/wpkgss/wp-content/uploads/2022/02/image1-300x300.jpeg 300w, https://www.sebastianusschule.de/wpkgss/wp-content/uploads/2022/02/image1-150x150.jpeg 150w, https://www.sebastianusschule.de/wpkgss/wp-content/uploads/2022/02/image1.jpeg 640w" sizes="(max-width: 300px) 100vw, 300px" />											<figcaption class="widget-image-caption wp-caption-text">Orden der Sebastianusschule </figcaption>
										</figure>
									</div>
				</div>
					</div>
		</div>
							</div>
		</section>
				<section class="elementor-section elementor-top-section elementor-element elementor-element-f825800 elementor-section-boxed elementor-section-height-default elementor-section-height-default" data-id="f825800" data-element_type="section">
						<div class="elementor-container elementor-column-gap-default">
					<div class="elementor-column elementor-col-100 elementor-top-column elementor-element elementor-element-8eb0f35" data-id="8eb0f35" data-element_type="column">
			<div class="elementor-widget-wrap elementor-element-populated">
								<div class="elementor-element elementor-element-91a00df elementor-widget elementor-widget-text-editor" data-id="91a00df" data-element_type="widget" data-widget_type="text-editor.default">
				<div class="elementor-widget-container">
							<p>Nach dem Auszug der Tollitäten gingen die Klassen zurück in ihre Räume, um dort den Klassenkarneval auf unterschiedliche Weise zu feiern. Doch nicht lange: Schon in der großen Pause tummelten sich alle Kinder wieder fröhlich und ausgelassen auf dem Pausenhof. Strahlende Gesichter wohin man schaute!</p><p>Pünktlich um 11 VOR 11 trafen sich bei tollem Wetter wieder alle draußen, um beim karnevalistischen Schultreff zu tanzen, zu klatschen und Spaß zu haben.</p><p>Frau Patri, als Sams verkleidet, führte wie jedes Jahr durch durch das  Programm, unterstützt von stimmungsvollen Darbietungen der Klassen 1a (Echte Frönde), 2a (Halleluja), 3b (Der Pirat) und 3c (Guck mal, diese Biene da).</p><p>Herr Bayer legte als  DJ Bayer mitreißende Karnevalslieder auf.</p><p>Natürlich gab es auch die obligatorischen Ordensverleihungen. So durften sich Herr Ougandou, Frau Sottek und Herr Bayer über den diesjährigen Sebastianus-Hausorden freuen.</p>						</div>
				</div>
					</div>
		</div>
							</div>
		</section>
				<section class="elementor-section elementor-top-section elementor-element elementor-element-e1c2e12 elementor-section-boxed elementor-section-height-default elementor-section-height-default" data-id="e1c2e12" data-element_type="section">
						<div class="elementor-container elementor-column-gap-default">
					<div class="elementor-column elementor-col-100 elementor-top-column elementor-element elementor-element-091f7ab" data-id="091f7ab" data-element_type="column">
			<div class="elementor-widget-wrap elementor-element-populated">
								<div class="elementor-element elementor-element-78a1fb9 elementor-widget elementor-widget-image" data-id="78a1fb9" data-element_type="widget" data-widget_type="image.default">
				<div class="elementor-widget-container">
												<figure class="wp-caption">
										<img decoding="async" loading="lazy" width="300" height="300" src="https://www.sebastianusschule.de/wpkgss/wp-content/uploads/2022/02/image2-300x300.jpeg" class="attachment-medium size-medium wp-image-2344" alt="" srcset="https://www.sebastianusschule.de/wpkgss/wp-content/uploads/2022/02/image2-300x300.jpeg 300w, https://www.sebastianusschule.de/wpkgss/wp-content/uploads/2022/02/image2-150x150.jpeg 150w, https://www.sebastianusschule.de/wpkgss/wp-content/uploads/2022/02/image2.jpeg 640w" sizes="(max-width: 300px) 100vw, 300px" />											<figcaption class="widget-image-caption wp-caption-text">Karnevalsfeier mit  allen Klassen auf dem Schulhof</figcaption>
										</figure>
									</div>
				</div>
					</div>
		</div>
							</div>
		</section>
							</div>

<p>„Ich danz för dich…“  so tönte es am Fettdonnerstag schon um 8 Uhr morgens aus großen Lautsprecherboxen über den Schulhof. In tollen, bunten Kostümen standen die Kinder und Lehrer draußen Spalier, um den Kinderprinzen NIKLAS I und seinen Hofstaat sowie das Stadtprinzenpaar MARCO I und NADINE I zu begrüßen, die auch gleich für tolle Stimmung [&hellip;]</p>
