{"id":7,"date":"2019-02-12T00:21:20","date_gmt":"2019-02-11T23:21:20","guid":{"rendered":"http:\/\/www.sebastianusschule.de\/wp_seb\/?page_id=7"},"modified":"2019-02-26T20:52:07","modified_gmt":"2019-02-26T19:52:07","slug":"schule","status":"publish","type":"page","link":"http:\/\/www.sebastianusschule.de\/wpkgss\/schule\/","title":{"rendered":"Schulgemeinschaft"},"content":{"rendered":"\n<p>Zur Schulgemeinschaft der Sebastianusschule geh\u00f6ren ca. 300 Kinder, 20 Lehrerinnen und Lehrer, 6 OGS &#8211; Erzieherinnen und 3 Mitarbeiterinnen der Betreuung.  Unser multiprofessionelles Team wird durch Sonderp\u00e4dagogen, Schulsozialarbeiter und eine sozialp\u00e4dagogische Fachkraft verst\u00e4rkt.                  Im Schulalltag unterst\u00fctzen uns die Sekret\u00e4rin und der Hausmeister. <br><\/p>\n","protected":false},"excerpt":{"rendered":"<p>Zur Schulgemeinschaft der Sebastianusschule geh\u00f6ren ca. 300 Kinder, 20 Lehrerinnen und Lehrer, 6 OGS &#8211; Erzieherinnen und 3 Mitarbeiterinnen der Betreuung. Unser multiprofessionelles Team wird durch Sonderp\u00e4dagogen, Schulsozialarbeiter und eine sozialp\u00e4dagogische Fachkraft verst\u00e4rkt. Im Schulalltag unterst\u00fctzen uns die Sekret\u00e4rin und der Hausmeister.<\/p>\n","protected":false},"author":1,"featured_media":0,"parent":0,"menu_order":0,"comment_status":"closed","ping_status":"closed","template":"","meta":{"footnotes":""},"_links":{"self":[{"href":"http:\/\/www.sebastianusschule.de\/wpkgss\/wp-json\/wp\/v2\/pages\/7"}],"collection":[{"href":"http:\/\/www.sebastianusschule.de\/wpkgss\/wp-json\/wp\/v2\/pages"}],"about":[{"href":"http:\/\/www.sebastianusschule.de\/wpkgss\/wp-json\/wp\/v2\/types\/page"}],"author":[{"embeddable":true,"href":"http:\/\/www.sebastianusschule.de\/wpkgss\/wp-json\/wp\/v2\/users\/1"}],"replies":[{"embeddable":true,"href":"http:\/\/www.sebastianusschule.de\/wpkgss\/wp-json\/wp\/v2\/comments?post=7"}],"version-history":[{"count":4,"href":"http:\/\/www.sebastianusschule.de\/wpkgss\/wp-json\/wp\/v2\/pages\/7\/revisions"}],"predecessor-version":[{"id":227,"href":"http:\/\/www.sebastianusschule.de\/wpkgss\/wp-json\/wp\/v2\/pages\/7\/revisions\/227"}],"wp:attachment":[{"href":"http:\/\/www.sebastianusschule.de\/wpkgss\/wp-json\/wp\/v2\/media?parent=7"}],"curies":[{"name":"wp","href":"https:\/\/api.w.org\/{rel}","templated":true}]}}