{"id":475,"date":"2019-04-09T13:48:04","date_gmt":"2019-04-09T11:48:04","guid":{"rendered":"http:\/\/www.sebastianusschule.de\/wp_seb\/?page_id=475"},"modified":"2025-10-01T15:03:18","modified_gmt":"2025-10-01T13:03:18","slug":"schulkonferenz","status":"publish","type":"page","link":"http:\/\/www.sebastianusschule.de\/wpkgss\/schulkonferenz\/","title":{"rendered":"Schulkonferenz"},"content":{"rendered":"\t\t<div data-elementor-type=\"wp-post\" data-elementor-id=\"475\" class=\"elementor elementor-475\">\n\t\t\t\t\t\t\t\t\t<section class=\"elementor-section elementor-top-section elementor-element elementor-element-0b11144 elementor-section-boxed elementor-section-height-default elementor-section-height-default\" data-id=\"0b11144\" data-element_type=\"section\">\n\t\t\t\t\t\t<div class=\"elementor-container elementor-column-gap-default\">\n\t\t\t\t\t<div class=\"elementor-column elementor-col-100 elementor-top-column elementor-element elementor-element-f13f907\" data-id=\"f13f907\" data-element_type=\"column\">\n\t\t\t<div class=\"elementor-widget-wrap elementor-element-populated\">\n\t\t\t\t\t\t\t\t<div class=\"elementor-element elementor-element-dfb08f8 elementor-widget elementor-widget-text-editor\" data-id=\"dfb08f8\" data-element_type=\"widget\" data-widget_type=\"text-editor.default\">\n\t\t\t\t<div class=\"elementor-widget-container\">\n\t\t\t\t\t\t\t<p>Die <b>Schulkonferenz<\/b> ist das oberste Mitwirkungsgremium der Schule. Sie ber\u00e4t in grunds\u00e4tzlichen Angelegenheiten der Schule und vermittelt bei Konflikten innerhalb der Schule. Sie kann Vorschl\u00e4ge und Anregungen an den Schultr\u00e4ger und an die Schulaufsichtsbeh\u00f6rden richten.<br \/>Die Schulkonferenz entscheidet im Rahmen der Rechts- und Verwaltungsvorschriften in folgenden Angelegenheiten:<\/p><p>1. Schulprogramm,<br \/>2. Ma\u00dfnahmen der Qualit\u00e4tsentwicklung und Qualit\u00e4tssicherung,<br \/>3. Abschluss von Vereinbarungen \u00fcber die Kooperation von Schulen und die Zusammenarbeit mit anderen Partnern,<br \/>4. Festlegung der beweglichen Ferientage,<br \/>5. Einrichtung au\u00dferunterrichtlicher Ganztags- und Betreuungsangebote sowie die Rahmenplanung von Schulveranstaltungen au\u00dferhalb des Unterrichts,<br \/>6. Unterrichtsverteilung auf sechs Wochentage,<br \/>7. Organisation der Schuleingangsphase<br \/>8. Vorschlag zur Einrichtung des Gemeinsamen Unterrichts,<br \/>9. Erprobung und Einf\u00fchrung neuer Unterrichtsformen,<br \/>10. Einf\u00fchrung von Lehrmitteln und Bestimmung der Lernmittel, die im Rahmen des Eigenanteils zu beschaffen sind,<br \/>11. Grunds\u00e4tze f\u00fcr die Verteilung und den Umfang der Hausaufgaben und Klassenarbeiten,<br \/>12. Grunds\u00e4tze zum Umgang mit allgemeinen Erziehungsschwierigkeiten sowie zum Abschluss von Bildungs- und Erziehungsvereinbarungen,<br \/>13. Information und Beratung,<br \/>14. Grunds\u00e4tze \u00fcber Aussagen zum Arbeits- und Sozialverhalten in den Zeugnissen,<br \/>15. Wirtschaftliche Bet\u00e4tigung, Geldsammlungen, Sponsoring,<br \/>16. Schulhaushalt,<br \/>17. Wahl des Schulleiters oder der Schulleiterin,<br \/>18. erg\u00e4nzende Verfahrens- und Wahlvorschriften,<br \/>19. Einrichtung und Zusammensetzung von Fachkonferenzen oder Bestellung einer Vertrauensperson<br \/>20. besondere Formen der Mitwirkung,<br \/>21. Mitwirkung beim Schultr\u00e4ger,<br \/>22. Erlass einer Schulordnung,<br \/>23. Ausnahmen vom Alkohol und Rauchverbot,<br \/>24. Erh\u00f6hung der Zahl der Vertretungen der Eltern in Fachkonferenzen und Bildungsgangkonferenzen,<br \/>25. Empfehlungen zum Tragen einer einheitlichen Schulkleidung<\/p><p>Die Schulkonferenz hat bei Schulen bis 500 Sch\u00fclerinnen und Sch\u00fclern 12 Mitglieder, in der Primarstufe: 6 Eltern und 6 Lehrer.<br \/>Die Schulleiterin oder der Schulleiter f\u00fchrt den Vorsitz. Sie \/er hat kein Stimmrecht. Abweichend hiervon gilt: bei Stimmengleichheit gibt ihre \/ seine Stimme den Ausschlag. Die st\u00e4ndige Vertretung nimmt beratend an der Schulkonferenz teil.\u00a0<\/p><p>Mitglieder der Schulkonferenz im Schuljahr 2025\/26:<\/p><p><strong>Elternvertreter<\/strong>: Viktor Hirsch, Katrin Dobbelstein, Claudia Meyer, Meike Busse, Katharina Rummel, Bernhard Schmitz<\/p><p><strong>Lehrervertreter<\/strong>: Tobias Bayer, Judith Bischof, Christiane Boveleth, Karin Johnen, Claudia Patri, Stefanie Schulteis<\/p><p><strong>Leitung<\/strong>: Susanne Drews, Christian Keller<\/p><p>\u00a0<\/p>\t\t\t\t\t\t<\/div>\n\t\t\t\t<\/div>\n\t\t\t\t\t<\/div>\n\t\t<\/div>\n\t\t\t\t\t\t\t<\/div>\n\t\t<\/section>\n\t\t\t\t\t\t\t<\/div>\n\t\t","protected":false},"excerpt":{"rendered":"<p>Die Schulkonferenz ist das oberste Mitwirkungsgremium der Schule. Sie ber\u00e4t in grunds\u00e4tzlichen Angelegenheiten der Schule und vermittelt bei Konflikten innerhalb der Schule. Sie kann Vorschl\u00e4ge und Anregungen an den Schultr\u00e4ger und an die Schulaufsichtsbeh\u00f6rden richten.Die Schulkonferenz entscheidet im Rahmen der Rechts- und Verwaltungsvorschriften in folgenden Angelegenheiten: 1. Schulprogramm,2. Ma\u00dfnahmen der Qualit\u00e4tsentwicklung und Qualit\u00e4tssicherung,3. Abschluss von [&hellip;]<\/p>\n","protected":false},"author":6,"featured_media":0,"parent":0,"menu_order":0,"comment_status":"closed","ping_status":"closed","template":"","meta":{"footnotes":""},"_links":{"self":[{"href":"http:\/\/www.sebastianusschule.de\/wpkgss\/wp-json\/wp\/v2\/pages\/475"}],"collection":[{"href":"http:\/\/www.sebastianusschule.de\/wpkgss\/wp-json\/wp\/v2\/pages"}],"about":[{"href":"http:\/\/www.sebastianusschule.de\/wpkgss\/wp-json\/wp\/v2\/types\/page"}],"author":[{"embeddable":true,"href":"http:\/\/www.sebastianusschule.de\/wpkgss\/wp-json\/wp\/v2\/users\/6"}],"replies":[{"embeddable":true,"href":"http:\/\/www.sebastianusschule.de\/wpkgss\/wp-json\/wp\/v2\/comments?post=475"}],"version-history":[{"count":21,"href":"http:\/\/www.sebastianusschule.de\/wpkgss\/wp-json\/wp\/v2\/pages\/475\/revisions"}],"predecessor-version":[{"id":5536,"href":"http:\/\/www.sebastianusschule.de\/wpkgss\/wp-json\/wp\/v2\/pages\/475\/revisions\/5536"}],"wp:attachment":[{"href":"http:\/\/www.sebastianusschule.de\/wpkgss\/wp-json\/wp\/v2\/media?parent=475"}],"curies":[{"name":"wp","href":"https:\/\/api.w.org\/{rel}","templated":true}]}}

<div data-elementor-type="wp-post" data-elementor-id="475" class="elementor elementor-475">
									<section class="elementor-section elementor-top-section elementor-element elementor-element-0b11144 elementor-section-boxed elementor-section-height-default elementor-section-height-default" data-id="0b11144" data-element_type="section">
						<div class="elementor-container elementor-column-gap-default">
					<div class="elementor-column elementor-col-100 elementor-top-column elementor-element elementor-element-f13f907" data-id="f13f907" data-element_type="column">
			<div class="elementor-widget-wrap elementor-element-populated">
								<div class="elementor-element elementor-element-dfb08f8 elementor-widget elementor-widget-text-editor" data-id="dfb08f8" data-element_type="widget" data-widget_type="text-editor.default">
				<div class="elementor-widget-container">
							<p>Die <b>Schulkonferenz</b> ist das oberste Mitwirkungsgremium der Schule. Sie berät in grundsätzlichen Angelegenheiten der Schule und vermittelt bei Konflikten innerhalb der Schule. Sie kann Vorschläge und Anregungen an den Schulträger und an die Schulaufsichtsbehörden richten.<br />Die Schulkonferenz entscheidet im Rahmen der Rechts- und Verwaltungsvorschriften in folgenden Angelegenheiten:</p><p>1. Schulprogramm,<br />2. Maßnahmen der Qualitätsentwicklung und Qualitätssicherung,<br />3. Abschluss von Vereinbarungen über die Kooperation von Schulen und die Zusammenarbeit mit anderen Partnern,<br />4. Festlegung der beweglichen Ferientage,<br />5. Einrichtung außerunterrichtlicher Ganztags- und Betreuungsangebote sowie die Rahmenplanung von Schulveranstaltungen außerhalb des Unterrichts,<br />6. Unterrichtsverteilung auf sechs Wochentage,<br />7. Organisation der Schuleingangsphase<br />8. Vorschlag zur Einrichtung des Gemeinsamen Unterrichts,<br />9. Erprobung und Einführung neuer Unterrichtsformen,<br />10. Einführung von Lehrmitteln und Bestimmung der Lernmittel, die im Rahmen des Eigenanteils zu beschaffen sind,<br />11. Grundsätze für die Verteilung und den Umfang der Hausaufgaben und Klassenarbeiten,<br />12. Grundsätze zum Umgang mit allgemeinen Erziehungsschwierigkeiten sowie zum Abschluss von Bildungs- und Erziehungsvereinbarungen,<br />13. Information und Beratung,<br />14. Grundsätze über Aussagen zum Arbeits- und Sozialverhalten in den Zeugnissen,<br />15. Wirtschaftliche Betätigung, Geldsammlungen, Sponsoring,<br />16. Schulhaushalt,<br />17. Wahl des Schulleiters oder der Schulleiterin,<br />18. ergänzende Verfahrens- und Wahlvorschriften,<br />19. Einrichtung und Zusammensetzung von Fachkonferenzen oder Bestellung einer Vertrauensperson<br />20. besondere Formen der Mitwirkung,<br />21. Mitwirkung beim Schulträger,<br />22. Erlass einer Schulordnung,<br />23. Ausnahmen vom Alkohol und Rauchverbot,<br />24. Erhöhung der Zahl der Vertretungen der Eltern in Fachkonferenzen und Bildungsgangkonferenzen,<br />25. Empfehlungen zum Tragen einer einheitlichen Schulkleidung</p><p>Die Schulkonferenz hat bei Schulen bis 500 Schülerinnen und Schülern 12 Mitglieder, in der Primarstufe: 6 Eltern und 6 Lehrer.<br />Die Schulleiterin oder der Schulleiter führt den Vorsitz. Sie /er hat kein Stimmrecht. Abweichend hiervon gilt: bei Stimmengleichheit gibt ihre / seine Stimme den Ausschlag. Die ständige Vertretung nimmt beratend an der Schulkonferenz teil. </p><p>Mitglieder der Schulkonferenz im Schuljahr 2025/26:</p><p><strong>Elternvertreter</strong>: Viktor Hirsch, Katrin Dobbelstein, Claudia Meyer, Meike Busse, Katharina Rummel, Bernhard Schmitz</p><p><strong>Lehrervertreter</strong>: Tobias Bayer, Judith Bischof, Christiane Boveleth, Karin Johnen, Claudia Patri, Stefanie Schulteis</p><p><strong>Leitung</strong>: Susanne Drews, Christian Keller</p><p> </p>						</div>
				</div>
					</div>
		</div>
							</div>
		</section>
							</div>

<p>Die Schulkonferenz ist das oberste Mitwirkungsgremium der Schule. Sie berät in grundsätzlichen Angelegenheiten der Schule und vermittelt bei Konflikten innerhalb der Schule. Sie kann Vorschläge und Anregungen an den Schulträger und an die Schulaufsichtsbehörden richten.Die Schulkonferenz entscheidet im Rahmen der Rechts- und Verwaltungsvorschriften in folgenden Angelegenheiten: 1. Schulprogramm,2. Maßnahmen der Qualitätsentwicklung und Qualitätssicherung,3. Abschluss von [&hellip;]</p>
